[INFO] cloning repository https://github.com/karlgrz/ferroxyl
[INFO] running `Command { std: "git" "-c" "credential.helper=" "-c" "credential.helper=/workspace/cargo-home/bin/git-credential-null" "clone" "--bare" "https://github.com/karlgrz/ferroxyl" "/workspace/cache/git-repos/https%3A%2F%2Fgithub.com%2Fkarlgrz%2Fferroxyl", kill_on_drop: false }`
[INFO] [stderr] Cloning into bare repository '/workspace/cache/git-repos/https%3A%2F%2Fgithub.com%2Fkarlgrz%2Fferroxyl'...
[INFO] running `Command { std: "git" "rev-parse" "HEAD", kill_on_drop: false }`
[INFO] [stdout] 24f460e05f287fb613a4b08a722156dc661fb071
[INFO] checking karlgrz/ferroxyl against try#72f88fc4e9458f89516a0b8b0868f3718aec5b47 for pr-74989
[INFO] running `Command { std: "git" "clone" "/workspace/cache/git-repos/https%3A%2F%2Fgithub.com%2Fkarlgrz%2Fferroxyl" "/workspace/builds/worker-9/source", kill_on_drop: false }`
[INFO] [stderr] Cloning into '/workspace/builds/worker-9/source'...
[INFO] [stderr] done.
[INFO] validating manifest of git repo https://github.com/karlgrz/ferroxyl on toolchain 72f88fc4e9458f89516a0b8b0868f3718aec5b47
[INFO] running `Command { std: "/workspace/cargo-home/bin/cargo" "+72f88fc4e9458f89516a0b8b0868f3718aec5b47" "read-manifest" "--manifest-path" "Cargo.toml", kill_on_drop: false }`
[INFO] started tweaking git repo https://github.com/karlgrz/ferroxyl
[INFO] finished tweaking git repo https://github.com/karlgrz/ferroxyl
[INFO] tweaked toml for git repo https://github.com/karlgrz/ferroxyl written to /workspace/builds/worker-9/source/Cargo.toml
[INFO] crate git repo https://github.com/karlgrz/ferroxyl already has a lockfile, it will not be regenerated
[INFO] running `Command { std: "/workspace/cargo-home/bin/cargo" "+72f88fc4e9458f89516a0b8b0868f3718aec5b47" "fetch" "--locked" "--manifest-path" "Cargo.toml", kill_on_drop: false }`
[INFO] [stderr] error: the lock file /workspace/builds/worker-9/source/Cargo.lock needs to be updated but --locked was passed to prevent this
[INFO] [stderr] If you want to try to generate the lock file without accessing the network, use the --offline flag.
[INFO] the lockfile is outdated, regenerating it
[INFO] running `Command { std: "/workspace/cargo-home/bin/cargo" "+72f88fc4e9458f89516a0b8b0868f3718aec5b47" "generate-lockfile" "--manifest-path" "Cargo.toml" "-Zno-index-update", kill_on_drop: false }`
[INFO] running `Command { std: "/workspace/cargo-home/bin/cargo" "+72f88fc4e9458f89516a0b8b0868f3718aec5b47" "fetch" "--locked" "--manifest-path" "Cargo.toml", kill_on_drop: false }`
[INFO] running `Command { std: "docker" "create" "-v" "/var/lib/crater-agent-workspace/builds/worker-9/target:/opt/rustwide/target:rw,Z" "-v" "/var/lib/crater-agent-workspace/builds/worker-9/source:/opt/rustwide/workdir:ro,Z" "-v" "/var/lib/crater-agent-workspace/cargo-home:/opt/rustwide/cargo-home:ro,Z" "-v" "/var/lib/crater-agent-workspace/rustup-home:/opt/rustwide/rustup-home:ro,Z" "-e" "SOURCE_DIR=/opt/rustwide/workdir" "-e" "CARGO_TARGET_DIR=/opt/rustwide/target" "-e" "CARGO_HOME=/opt/rustwide/cargo-home" "-e" "RUSTUP_HOME=/opt/rustwide/rustup-home" "-w" "/opt/rustwide/workdir" "-m" "1610612736" "--user" "0:0" "--network" "none" "rustops/crates-build-env@sha256:d92eaeed33fa75130ca1ee6c8a01d1ffb62bac859dfdfb3450e3e5d1c0146529" "/opt/rustwide/cargo-home/bin/cargo" "+72f88fc4e9458f89516a0b8b0868f3718aec5b47" "metadata" "--no-deps" "--format-version=1", kill_on_drop: false }`
[INFO] [stdout] ae5fa87b9e2224587a2e76d17f7f5de885585f5618fb0aa7f5533960c246ce51
[INFO] [stderr] WARNING: Your kernel does not support swap limit capabilities or the cgroup is not mounted. Memory limited without swap.
[INFO] running `Command { std: "docker" "start" "-a" "ae5fa87b9e2224587a2e76d17f7f5de885585f5618fb0aa7f5533960c246ce51", kill_on_drop: false }`
[INFO] running `Command { std: "docker" "inspect" "ae5fa87b9e2224587a2e76d17f7f5de885585f5618fb0aa7f5533960c246ce51", kill_on_drop: false }`
[INFO] running `Command { std: "docker" "rm" "-f" "ae5fa87b9e2224587a2e76d17f7f5de885585f5618fb0aa7f5533960c246ce51", kill_on_drop: false }`
[INFO] [stdout] ae5fa87b9e2224587a2e76d17f7f5de885585f5618fb0aa7f5533960c246ce51
[INFO] running `Command { std: "docker" "create" "-v" "/var/lib/crater-agent-workspace/builds/worker-9/target:/opt/rustwide/target:rw,Z" "-v" "/var/lib/crater-agent-workspace/builds/worker-9/source:/opt/rustwide/workdir:ro,Z" "-v" "/var/lib/crater-agent-workspace/cargo-home:/opt/rustwide/cargo-home:ro,Z" "-v" "/var/lib/crater-agent-workspace/rustup-home:/opt/rustwide/rustup-home:ro,Z" "-e" "SOURCE_DIR=/opt/rustwide/workdir" "-e" "CARGO_TARGET_DIR=/opt/rustwide/target" "-e" "CARGO_INCREMENTAL=0" "-e" "RUST_BACKTRACE=full" "-e" "RUSTFLAGS=--cap-lints=forbid" "-e" "CARGO_HOME=/opt/rustwide/cargo-home" "-e" "RUSTUP_HOME=/opt/rustwide/rustup-home" "-w" "/opt/rustwide/workdir" "-m" "1610612736" "--user" "0:0" "--network" "none" "rustops/crates-build-env@sha256:d92eaeed33fa75130ca1ee6c8a01d1ffb62bac859dfdfb3450e3e5d1c0146529" "/opt/rustwide/cargo-home/bin/cargo" "+72f88fc4e9458f89516a0b8b0868f3718aec5b47" "check" "--frozen" "--all" "--all-targets" "--message-format=json", kill_on_drop: false }`
[INFO] [stdout] d47fd4897bb0002064a9c5e60043adaa7d3ca1bbc6b3542d28de29543c10dcad
[INFO] [stderr] WARNING: Your kernel does not support swap limit capabilities or the cgroup is not mounted. Memory limited without swap.
[INFO] running `Command { std: "docker" "start" "-a" "d47fd4897bb0002064a9c5e60043adaa7d3ca1bbc6b3542d28de29543c10dcad", kill_on_drop: false }`
[INFO] [stderr]     Blocking waiting for file lock on package cache
[INFO] [stderr]    Compiling libc v0.2.77
[INFO] [stderr]    Compiling log v0.4.11
[INFO] [stderr]     Checking tinyvec v0.3.4
[INFO] [stderr]     Checking language-tags v0.2.2
[INFO] [stderr]     Checking modifier v0.1.0
[INFO] [stderr]     Checking route-recognizer v0.1.13
[INFO] [stderr]     Checking plugin v0.2.6
[INFO] [stderr]     Checking base64 v0.9.3
[INFO] [stderr]     Checking unicode-normalization v0.1.13
[INFO] [stderr]     Checking log v0.3.9
[INFO] [stderr]     Checking mime v0.2.6
[INFO] [stderr]     Checking num_cpus v1.13.0
[INFO] [stderr]     Checking time v0.1.44
[INFO] [stderr]    Compiling rand_os v0.1.3
[INFO] [stderr]    Compiling rand v0.6.5
[INFO] [stderr]     Checking idna v0.1.5
[INFO] [stderr]     Checking url v1.7.2
[INFO] [stderr]    Compiling phf_generator v0.7.24
[INFO] [stderr]    Compiling phf_codegen v0.7.24
[INFO] [stderr]    Compiling mime_guess v1.8.8
[INFO] [stderr]     Checking hyper v0.10.16
[INFO] [stderr]     Checking iron v0.6.1
[INFO] [stderr]     Checking router v0.6.0
[INFO] [stderr]     Checking persistent v0.4.0
[INFO] [stderr]     Checking ferroxyl v0.1.0 (/opt/rustwide/workdir)
[INFO] [stdout] error[E0061]: this function takes 3 arguments but 2 arguments were supplied
[INFO] [stdout]   --> src/main.rs:61:12
[INFO] [stdout]    |
[INFO] [stdout] 61 |     router.get("/status/:id", status);
[INFO] [stdout]    |            ^^^ -------------  ------ supplied 2 arguments
[INFO] [stdout]    |            |
[INFO] [stdout]    |            expected 3 arguments
[INFO] [stdout] 
[INFO] [stdout] 
[INFO] [stdout] error[E0061]: this function takes 3 arguments but 2 arguments were supplied
[INFO] [stdout]   --> src/main.rs:62:12
[INFO] [stdout]    |
[INFO] [stdout] 62 |     router.post("/job", set_job);
[INFO] [stdout]    |            ^^^^ ------  ------- supplied 2 arguments
[INFO] [stdout]    |            |
[INFO] [stdout]    |            expected 3 arguments
[INFO] [stdout] 
[INFO] [stdout] 
[INFO] [stdout] error: aborting due to 2 previous errors
[INFO] [stdout] 
[INFO] [stdout] 
[INFO] [stdout] For more information about this error, try `rustc --explain E0061`.
[INFO] [stdout] 
[INFO] [stderr] error: could not compile `ferroxyl`.
[INFO] [stderr] 
[INFO] [stderr] To learn more, run the command again with --verbose.
[INFO] [stderr] warning: build failed, waiting for other jobs to finish...
[INFO] [stdout] error[E0061]: this function takes 3 arguments but 2 arguments were supplied
[INFO] [stdout]   --> src/main.rs:61:12
[INFO] [stdout]    |
[INFO] [stdout] 61 |     router.get("/status/:id", status);
[INFO] [stdout]    |            ^^^ -------------  ------ supplied 2 arguments
[INFO] [stdout]    |            |
[INFO] [stdout]    |            expected 3 arguments
[INFO] [stdout] 
[INFO] [stdout] 
[INFO] [stdout] error[E0061]: this function takes 3 arguments but 2 arguments were supplied
[INFO] [stdout]   --> src/main.rs:62:12
[INFO] [stdout]    |
[INFO] [stdout] 62 |     router.post("/job", set_job);
[INFO] [stdout]    |            ^^^^ ------  ------- supplied 2 arguments
[INFO] [stdout]    |            |
[INFO] [stdout]    |            expected 3 arguments
[INFO] [stdout] 
[INFO] [stdout] 
[INFO] [stdout] error: aborting due to 2 previous errors
[INFO] [stdout] 
[INFO] [stdout] 
[INFO] [stdout] For more information about this error, try `rustc --explain E0061`.
[INFO] [stdout] 
[INFO] [stderr] error: build failed
[INFO] running `Command { std: "docker" "inspect" "d47fd4897bb0002064a9c5e60043adaa7d3ca1bbc6b3542d28de29543c10dcad", kill_on_drop: false }`
[INFO] running `Command { std: "docker" "rm" "-f" "d47fd4897bb0002064a9c5e60043adaa7d3ca1bbc6b3542d28de29543c10dcad", kill_on_drop: false }`
[INFO] [stdout] d47fd4897bb0002064a9c5e60043adaa7d3ca1bbc6b3542d28de29543c10dcad
